986. Suppose 2290 = 24*n - 20*n - 2*q, -n + 5*q = -c. What are the prime factors of n?
571
Suppose -2*p - 1 = 5. Let u(j) be the second derivative of -j**5/2 - j**4/4 + 2*j**3/3 - j**2/2 + 107*j. What are the prime factors of u(p)?
2, 5, 23
Let m = -1097 + 647. Let v = -245 - m. What are the prime factors of v?
5, 41
Suppose -2*y - 41 + 41 = 0, -4*y = -c + 27867. List the prime factors of c.
3, 7, 1327
Suppose 33 = -i + 2*i - 3*o, 32 = i - 4*o. Let s(r) = -22*r + 22 - i + 23. List the prime factors of s(-9).
3, 23
Let i = -995 - -1432. Let m = 927 - i. What are the prime factors of m?
2, 5, 7
Let f = 5705 - 5564. What are the prime factors of f?
3, 47
Let b be 4/(-6) - 176/(-66). Suppose 416 = 2*u + b*o, -19*o + 17*o = -3*u + 644. List the prime factors of u.
2, 53
Suppose 2*f + 2*f + 3*i = 8, f = 3*i + 2. Suppose -5*z = -f*l - 825, -2*z + 0*z + 351 = -5*l. Let p = z - 77. List the prime factors of p.
2, 43
Let s = 19847 - -5321. What are the prime factors of s?
2, 11, 13
Let x(w) = -208*w + 1089. What are the prime factors of x(-8)?
2753
Suppose -36*c - 6 = -38*c. Let d(z) = -c - 2 - 8*z - 32*z + 5*z. What are the prime factors of d(-3)?
2, 5
Let c(i) = -10*i - 1. Let l be c(-1). Let f(z) = -7*z - z - 4*z + l + 4*z. What are the prime factors of f(-5)?
7
Let t(l) = -l**3 - 33*l**2 - 130*l + 246. List the prime factors of t(-39).
2, 3, 29, 83
Let m(t) be the second derivative of -t**3/2 - 32*t**2 - 30*t. Let i be m(-22). Suppose 241 = z - i*y, -y - 204 - 739 = -4*z. What are the prime factors of z?
5, 47
Let f(h) = -874*h + 1353. List the prime factors of f(-11).
11, 997
Suppose 49*j - 1158381 - 669760 = 0. List the prime factors of j.
37309
Let t = 269 - 267. Suppose -3695 = -5*s - t*m + 870, 0 = -2*s + 2*m + 1826. List the prime factors of s.
11, 83
Let c = -54 - -49. Let w be 748/(-66)*(1 + c/2). Suppose 2*r - 3*r + w = 3*z, 0 = 2*z + 5*r - 20. List the prime factors of z.
5
Let w be (4 + -4)*(-1)/2. Suppose w = -5*x + d + 1300, 2*x - 6*x + 1019 = -5*d. List the prime factors of x.
3, 29
Let z = 11542 + 13248. What are the prime factors of z?
2, 5, 37, 67
Let n = 10 + -15. Let y(u) = u**2 - 14*u - 49. Let a be y(17). What are the prime factors of (a + n)*100/(-3)?
2, 5
What are the prime factors of 26/1*(-37453)/(-134)?
13, 43
Let i(t) = 56*t + 306. Let s(p) = 56*p + 309. Let f(l) = 2*i(l) - 3*s(l). What are the prime factors of f(-10)?
5, 7
Suppose -15 = -2*i - 2*o + 13, 4*o = -3*i + 46. Suppose -3 = -i*h + 11*h. What are the prime factors of (83 - -1) + 1 + h?
2, 41
Suppose -4*u - 7105 = 902*d - 903*d, 0 = 2*d - 5*u - 14207. List the prime factors of d.
3, 263
Let t(a) = 11*a - 1. Let z be t(5). Let d(w) = -2*w**3 + 9*w**2 + 7*w + 17. Let k be d(5). Suppose -k = -v + z. List the prime factors of v.
3
Let h(w) = -9*w + 18. Suppose -3*k + 3*q - 74 = 2*q, 3*k = -3*q - 54. Let c be h(k). Suppose 0 = -3*o - c + 654. What are the prime factors of o?
11, 13
Suppose -383*k - 674828 = -411*k. List the prime factors of k.
7, 11, 313
Suppose 0 = 25*h - 17*h + 28632. Let l = h + 5136. What are the prime factors of l?
3, 173
Suppose 9*p + 15 = 12*p. List the prime factors of 430 - (-4 - -7) - (p + -5).
7, 61
Suppose 0 = 3*x + 5*i - 2*i - 3, -3*x = -5*i - 43. Let y(q) = x - 1 + q - q**3 - 1 - 6*q**2 + 2*q**3. List the prime factors of y(6).
2, 5
List the prime factors of ((-242206224)/(-432))/31 + 1/9.
2, 9043
Let p(i) = -17*i**3 + 4*i**2 + i + 13. List the prime factors of p(-3).
5, 101
Let f = -143 - -415. Suppose 239 = -4*c - 413. Let b = f + c. List the prime factors of b.
109
List the prime factors of (-2202)/((-345)/(-39) - 9).
3, 13, 367
Suppose -2*c - q - 3*q = 12, 2*c + 7 = q. Suppose 0 = -19*s + 3*s + 112. List the prime factors of 1206/s - -5*c/70.
2, 43
Let y(p) = 2*p**2 - 8*p - 6. Let k be y(-5). Let q = k + -46. Suppose z = 11 + q. List the prime factors of z.
7
Suppose 7 = 2*m - 3*a + 4*a, -2*m = -3*a - 11. Suppose -3*u + 233 = -c + 21, 3*c = m*u - 276. Suppose u = t + 4. List the prime factors of t.
2, 17
What are the prime factors of (204/44 - (-96)/264) + 23049?
2, 11527
Suppose 24*l = 2*d + 19*l - 7335, -5*l - 11015 = -3*d. List the prime factors of d.
2, 5, 23
Let w(g) be the second derivative of 7*g**4/24 + 19*g**3/6 - 17*g**2/2 + 10*g. Let m(x) be the first derivative of w(x). List the prime factors of m(11).
2, 3
Suppose -385 + 73 = -13*z. Let q(a) = a**2 + 50*a - 31. What are the prime factors of q(z)?
5, 349
Suppose -5*x = 5*f - 34325, 5*x + 8*f - 34330 = 4*f. List the prime factors of x.
2, 3, 5, 229
Let x be -3 + (2/(-1) - -3). Let y(s) = -23*s**3 - 2*s**2 - 2*s + 1. What are the prime factors of y(x)?
181
Suppose 0 = -176*g + 168*g + 22032. Suppose 3*i = 3*r + g, 618 = i + 4*r - 310. What are the prime factors of i?
2, 5, 23
Let q = -79 - -324. Let y = q + -69. What are the prime factors of y?
2, 11
Suppose 4*w = 2*x + 127536, -435*w + 95657 = -432*w - 4*x. List the prime factors of w.
31883
Suppose -18*d + 12*d = -116646. Suppose d = 49*k - 38820. List the prime factors of k.
29, 41
Let m be -3*(1 + ((-6)/9 - 1)). Suppose 2*n + 2*q = 1020 - 290, -1790 = -5*n + m*q. List the prime factors of n.
2, 3, 5
Let a(c) = -c**3 - 38*c**2 - 1. Let n be a(-38). List the prime factors of n + 0 - (5364/(-12) + -8).
2, 227
Suppose -5*z + z = 0. Let l = -2474 + 2484. Suppose -14*v + l*v + 120 = z. List the prime factors of v.
2, 3, 5
Let k(c) = 4*c + 26. Let z be k(-5). Let u(i) = -i**3 + 4*i**2 + 8*i + 1. Let m be u(z). Let p = 109 - m. List the prime factors of p.
2, 3, 11
Let t = 106898 + -43996. List the prime factors of t.
2, 7, 4493
Let s be 28 + -30 + (7 - 0). List the prime factors of (-42)/(448/(-44) + 5 + s).
3, 7, 11
Let n(q) = 4*q + 37. Let t be n(-6). Let v(o) = -3*o**2 + 39*o - 2. Let s be v(t). List the prime factors of (s/4*-4)/((-2)/(-55)).
5, 11
Let w = -57 + 59. Let s be ((-16)/(-64))/(w/(-8)). What are the prime factors of 321/(-7 + 4)*s?
107
Let w be (-6)/(-4) - 150/20. Let r be ((-74)/8)/(w/(-48)). Let k = -54 - r. What are the prime factors of k?
2, 5
Let v be 0 + 9144 + -59 + 54. Suppose -v = 12*i - 25*i. List the prime factors of i.
19, 37
Suppose 12*x - 4640 = -1292. Suppose -x = -t + 642. Suppose 0 = -2*u + 5*z + 455, 5*u + z = u + t. What are the prime factors of u?
2, 5, 23
Suppose -5*u + 15 = -3*z, z = -3*z + 2*u - 6. Suppose -h + 32 = -5*j, z*h - 3*h + 64 = j. Let g = h + 1. What are the prime factors of g?
23
Let s(v) = 86*v - 54. Let b(w) = w**3 + w**2 - 3*w + 2. Let f be b(2). List the prime factors of s(f).
2, 317
Let k be (2 - 331/(-2))/((-3)/(-150)). What are the prime factors of k/75 + (-2)/3?
3, 37
Let n be (-3)/(-3*(-2)/(-12)*3). Let x(i) = 19*i**2 - 2*i + 10. List the prime factors of x(n).
2, 41
Let w = 829 + -827. Suppose -3 = 5*a + 7. What are the prime factors of 119 - ((-5)/(-5) - a/w)?
3, 13
Let p(y) = 18*y**2 + 231*y + 213. List the prime factors of p(52).
3, 53, 383
Suppose -44*r + 41*r = -5*h + 39231, -5*h + 39252 = 4*r. What are the prime factors of h?
2, 3, 109
Let u(n) = 6*n + 6. Suppose -5*c = -4*r + 8*r + 15, 4 = 4*c. Let v(l) = l. Let i(g) = r*v(g) + u(g). What are the prime factors of i(3)?
3
Suppose 0 = 4*r - 4*t + 88, -t + 74 = -4*r - 4*t. Let c be 12/10*r/(-6). What are the prime factors of 12*6 + -2 + c?
2, 37
Suppose -10*c = -30380 - 36930. List the prime factors of c.
53, 127
Let w = 1020 - 628. Suppose 102 + 1078 = 2*u. Let k = u - w. What are the prime factors of k?
2, 3, 11
Suppose -4*c = 10 - 22. Suppose -264 = -c*d + 249. What are the prime factors of d?
3, 19
Let m(w) = -2. Let k(h) = -h + 5. Let x(t) = -6*k(t) - 11*m(t). Suppose -i = -10*i + 117. What are the prime factors of x(i)?
2, 5, 7
Suppose 9*x - 4449 - 2955 = 5268. What are the prime factors of x?
2, 11
Let a be ((-68)/(-32))/((-3)/(-24)). Let w = 23 + a. List the prime factors of w.
2, 5
List the prime factors of ((-481)/74)/((-1)/84).
2, 3, 7, 13
Suppose 13*s = 4*i - 142421, 0 = -i - s - 19468 + 55069. List the prime factors of i.
2, 7, 2543
Let p(c) = 2*c + 11. Let w be p(-5). Let r be w*(239 - 3)/4. Suppose -r*g = -57*g - 152. List the prime factors of g.
2, 19
Suppose -3*q + b + 18 = -5, 28 = 3*q + 4*b. Let p be -236 - (q/4 - (-1 + -1)). Let v = p + 420. List the prime factors of v.
2, 3, 5
Suppose -26 